lculate the greatest common factor of 84 and o.
42
Suppose -153 = 2*p - 6*p + j, 5*p = 4*j + 194. Suppose -4*f = -2*f - 114. Calculate the greatest common factor of f and p.
19
Let y = 69 - 34. Let a(h) = -h**3 + 2 - 23*h**2 + 11*h + 7*h**3 - 8*h**3. Let o be a(-12). What is the highest common factor of y and o?
7
Let x(l) = -30*l**3 - 3*l**2 - 2*l - 1. Suppose 2*i - 4*j - 11 = -3*i, 0 = -2*i + j + 2. Let z be x(i). Calculate the highest common factor of z and 14.
14
Let z = 24 - 6. Calculate the greatest common divisor of 504 and z.
18
Let x = -1205 + 1233. Calculate the highest common factor of x and 80.
4
Suppose 12 = -3*h + h. Let q be (-32)/h + (-3)/9. Suppose 78 = q*d - 97. Calculate the greatest common factor of d and 5.
5
Let j(d) = 3*d**2 - 3*d + 2. Let w be j(1). Let f be (5 - 33/9)*3/w. Calculate the highest common divisor of f and 8.
2
Suppose -6 = 3*i + 5*k - 119, i + 3*k = 39. Calculate the greatest common factor of i and 126.
18
Suppose 4*u - 128 = 20. Let t(j) = -j**3 - 11*j**2 - 13*j + 7. Let d be t(-10). Calculate the greatest common factor of u and d.
37
Suppose 7 - 175 = -2*f. Suppose 863*q + 105 = 868*q. Calculate the highest common divisor of f and q.
21
Let m = -615 - -745. Calculate the greatest common divisor of m and 26.
26
Let p(o) = -17*o**3 + o**2 + o + 1. Let j be p(-1). Suppose 11*z = 9*z, 2*z = 3*l - 81. Calculate the highest common divisor of l and j.
9
Let u be (784/70)/((-6)/(-15)). Calculate the greatest common factor of u and 224.
28
Let y(r) = -3*r**3 - 2*r**2 + 2*r. Let o be y(-2). Let t = o - 13. Let q be (-22 - 0)*(-4 - t). What is the highest common divisor of 22 and q?
22
Let s = 2 - 2. Suppose -4*q - 3*p = -s - 12, 4*q = -p + 12. Suppose -q*h + 21 = -3. Calculate the greatest common factor of h and 88.
8
Suppose -5*t - 13 = -q, 3*q - t - 71 = -q. Let k = -665 - -674. What is the highest common factor of q and k?
9
Let j(h) = 14*h - 4. Let r = -55 + 57. Let q be j(r). Calculate the greatest common divisor of 36 and q.
12
Let r = -324 - -810. Suppose 0*q + r = 3*q. Let m = -22 + 40. Calculate the greatest common divisor of q and m.
18
Let k = 915 - 823. Calculate the greatest common divisor of k and 161.
23
Let f(t) = 3*t - 19. Let o be f(8). Let a be o - 12/(-4) - -1. Let d be 12/(-1 + a/6). What is the greatest common divisor of d and 12?
12
Let j be (301/(-14) - -4)/(1/(-2)). Let q = 77 + j. Calculate the highest common divisor of q and 14.
14
Let x be (1 - 3 - -3) + 1. Suppose 0 = -x*t + 3*q + 6 + 1, -4*t - 4*q + 44 = 0. Suppose 0 = -t*z + 2*z + 144. What is the highest common divisor of z and 16?
8
Let k = -427 + 433. Let z be 32 + (2 - 1 - 3). What is the highest common factor of z and k?
6
Let y = 439 - 340. What is the highest common factor of 55 and y?
11
Let u = 9 - -2. Let l = 165 - 132. Calculate the greatest common factor of u and l.
11
Let g(z) = -z**3 - 13*z**2 - 40*z + 10. Let j be g(-8). What is the greatest common factor of j and 16?
2
Let u be (-1317)/(-9) - 2/(-3). Suppose 147 = 16*x - 9*x. Calculate the highest common factor of x and u.
21
Suppose -5*d + 25 = -0*d. Suppose -x - 85 = -d*j, 4*x - 70 = -5*j + 2*x. Suppose 2016 = 6*i + 12*i. Calculate the greatest common divisor of j and i.
16
Let i = -270 - -278. Suppose -2*w + 40 = -8. What is the highest common divisor of w and i?
8
Suppose -3*m + 468 = 3*j, 3*j - 4*m = 249 + 198. What is the greatest common divisor of j and 68?
17
Suppose -8*i + 154 = 3*i. What is the highest common factor of i and 70?
14
Suppose 11*v - 12*v + 56 = 0. Let f = v + -29. What is the greatest common divisor of f and 18?
9
Let o be 1/1 + 0 + 2. Suppose -347 = -5*u + o. Let y(k) = -k**3 + 8*k**2 - 7*k + 10. Let z be y(7). Calculate the greatest common factor of z and u.
10
Suppose 4*z + 69 = -11. Let g(i) = -9*i + 62. Let m be g(z). What is the highest common factor of 22 and m?
22
Suppose 0 = -j - 24*q + 28*q + 83, 4*j - 277 = 5*q. What is the greatest common factor of 2583 and j?
63
Let a(w) = -25*w - 7. Let c be a(-3). What is the highest common factor of 17 and c?
17
Suppose -137*r + 142*r - 200 = 0. What is the greatest common factor of r and 60?
20
Suppose -368*a + 9 = -367*a. Calculate the highest common factor of a and 225.
9
Suppose -s - 49 = 5*r, -57 + 5 = 5*r - 2*s. Let l(z) = -z**2 - 15*z - 29. Let k be l(r). What is the highest common factor of k and 35?
7
Let s = 46 + -134. Let a = -49 - s. Calculate the greatest common divisor of 13 and a.
13
Suppose -12*f = -17*f + 300. What is the greatest common divisor of 60 and f?
60
Suppose 6*f - 9*f = -105. Let z be (-2 - -30)*(-5)/(-10). Calculate the greatest common factor of z and f.
7
Suppose -3*f + 240 = 2*f. Let y(u) = 24*u - 56. Let w be y(3). Calculate the greatest common factor of w and f.
16
Let k be 13 + (-9)/((-36)/(-20)). Calculate the highest common factor of 4 and k.
4
Suppose -c = -5*c - 2*k - 18, -24 = 4*c + 4*k. Let m be (((-2)/c)/((-5)/90))/(-2). Let v = -64 + 100. Calculate the highest common divisor of m and v.
6
Let x = 42 - 82. Let w be (-10)/x + 335/4. Calculate the greatest common factor of 63 and w.
21
Let o = -285 + 477. Let p = -137 + o. What is the highest common factor of p and 33?
11
Suppose -x + 36 = -0*x. Suppose 22*s + 14 = 29*s. Suppose s*f - 3*f + x = 0. What is the highest common factor of 9 and f?
9
Suppose 320 = 228*n - 218*n. Calculate the highest common factor of n and 112.
16
Let p(r) = -3*r - 20. Let y(b) = 6*b + 41. Let a(j) = -5*p(j) - 2*y(j). Let d be a(0). Calculate the highest common factor of d and 162.
18
Suppose 108 = b - 5*b. Let a be 5 + (-254)/(-6) + (-12)/9. Let h = a + b. Calculate the greatest common divisor of h and 133.
19
Let r be (-1)/(-1 + (-6)/(-9)). Suppose 0 = d + 2*k - 13, -5*d + 32 = -d + r*k. Suppose -21 = -d*o + 34. What is the highest common divisor of 88 and o?
11
Let b(n) = 5*n + 3. Let k be b(3). Let f = k + 62. Suppose 46 = 2*r - f. What is the highest common factor of 42 and r?
21
Suppose 20 = -5*r, 7*u - 2*u - 916 = 4*r. Let m be ((-15)/12)/((-1)/16). Calculate the highest common factor of u and m.
20
Let d(l) = -l**2 - 7*l + 11. Let m(r) = -r**2 - 3*r - 5. Let x be m(0). Let v be d(x). What is the highest common divisor of 105 and v?
21
Let f(n) = -12*n - 6. Suppose 2 = d - 2*d. Let b be (2/(-4))/(d/(-12)). Let x be f(b). What is the highest common divisor of 240 and x?
30
Suppose -2*n = -21 - 141. Let p be 14/6 + (-1)/3. Suppose p*g = -2*g + 36. What is the highest common factor of g and n?
9
Suppose -38*i = -41*i + 2379. Calculate the highest common factor of i and 13.
13
Let p(u) = -8*u + 4. Let w be p(-5). Suppose 9*z = 12*z - 12. What is the highest common divisor of w and z?
4
Let a be ((-4)/(-3))/((-1)/(-3)). Let n(m) = -m**2 - 72*m + 654. Let b be n(8). What is the greatest common divisor of b and a?
2
Let r(t) = -t**2 - 8*t - 7. Let s be r(-6). Suppose 0 = 114*l - 97*l - 85. What is the greatest common divisor of s and l?
5
Let s = 518 - 315. What is the highest common divisor of 7 and s?
7
Let j(i) = i**2 - 4*i + 6. Let r be j(3). Let k be -6*(3 + (-2 - r)). Let p be (-4)/k - 4/(-3). What is the highest common divisor of p and 9?
1
Let u(r) = 3*r**3 - r**2 + 1. Let g be u(-1). Let n be (g/(-5))/((-6)/(-30)). Let q be (26/n)/(6/36). What is the greatest common divisor of 13 and q?
13
Let a = 6 + -4. Let r = a + 1. Suppose 0 = r*y - 63 + 12. What is the highest common divisor of 85 and y?
17
Let o = -148 - -150. What is the highest common divisor of o and 8?
2
Let o be (3/(-2))/(2/(-4)). Suppose 3*q - 9 = o. Let l(t) = 47*t + 232. Let c be l(-4). What is the greatest common factor of c and q?
4
Let a = 40 + -26. Suppose 6*b = b + 10. Let f be (3 - (6 - b))*-140. Calculate the highest common divisor of a and f.
14
Suppose 0 = 8*y - 390 - 90. Let q be (2*-1 - -2)/3. Suppose q = 6*d - d - y. Calculate the highest common factor of 24 and d.
12
Let f(k) = -k**3 - 6*k**2 + 9*k + 16. Let a be f(-8). What is the greatest common factor of 8 and a?
8
Let x(r) = -75*r - 3. Let w be x(1). Let n = w + 79. What is the greatest common factor of 21 and n?
1
Let j(a) = a**2 + a**2 + 3 - a**2 + 0*a**2. Let p be j(0). Suppose q - p*z - 8 = 0, -5*z + 3*z = q - 8. Calculate the greatest common divisor of 64 and q.
8
Let z(m) = -4 -